rs of 97227349?
47, 2068667
What are the prime factors of 2834067690?
2, 3, 5, 129587
What are the prime factors of 1563386115?
3, 5, 311, 335131
What are the prime factors of 3607595449?
17, 61, 941, 3697
List the prime factors of 1706489265.
3, 5, 13, 947, 9241
List the prime factors of 706429185.
3, 5, 7, 11, 83, 7369
List the prime factors of 74115649.
211, 351259
What are the prime factors of 38023659?
3, 4224851
List the prime factors of 125253423.
3, 23, 31, 131, 149
What are the prime factors of 1130766882?
2, 3, 7, 61, 441361
What are the prime factors of 762224636?
2, 190556159
What are the prime factors of 1414902651?
3, 31, 1733, 8779
List the prime factors of 153155337.
3, 97, 526307
List the prime factors of 1832111449.
7, 43, 67, 90847
What are the prime factors of 5544642894?
2, 3, 7, 1429, 92383
List the prime factors of 803765405.
5, 53, 73, 41549
What are the prime factors of 226710677?
226710677
What are the prime factors of 55470876?
2, 3, 4622573
List the prime factors of 182738875.
5, 11, 347, 383
List the prime factors of 383117943.
3, 13, 37, 73, 3637
What are the prime factors of 81314736?
2, 3, 31, 54647
List the prime factors of 88917263.
88917263
What are the prime factors of 205910149?
47, 4381067
What are the prime factors of 2044852717?
103, 19852939
What are the prime factors of 983268750?
2, 3, 5, 229
What are the prime factors of 3627028302?
2, 3, 17, 2179, 16319
List the prime factors of 710703728.
2, 7, 2251, 2819
What are the prime factors of 49189174?
2, 24594587
What are the prime factors of 3299959411?
7, 197, 1279, 1871
List the prime factors of 776964861.
3, 239, 361211
What are the prime factors of 93908074?
2, 13, 3611849
List the prime factors of 3417586701.
3, 1481, 769207
What are the prime factors of 322981262?
2, 161490631
What are the prime factors of 3321783897?
3, 73, 1171, 12953
What are the prime factors of 19943028?
2, 3, 7, 79139
List the prime factors of 3197298097.
7, 456756871
What are the prime factors of 1312459927?
31, 42337417
What are the prime factors of 1362495?
3, 5, 90833
What are the prime factors of 1238418949?
1238418949
What are the prime factors of 1069392968?
2, 7, 103, 185401
What are the prime factors of 1859218705?
5, 371843741
What are the prime factors of 48992630?
2, 5, 4899263
List the prime factors of 819815756.
2, 204953939
List the prime factors of 244644922.
2, 673, 181757
List the prime factors of 136345129.
4937, 27617
What are the prime factors of 87580756?
2, 41, 534029
List the prime factors of 170600956.
2, 42650239
List the prime factors of 4616643842.
2, 2729, 845849
List the prime factors of 417771532.
2, 17, 47, 67, 1951
List the prime factors of 60667564.
2, 211, 71881
List the prime factors of 65671270.
2, 5, 7, 223, 601
List the prime factors of 1568448891.
3, 41, 47, 90437
What are the prime factors of 865524654?
2, 3, 48084703
What are the prime factors of 4454349485?
5, 890869897
List the prime factors of 358460839.
11, 32587349
List the prime factors of 367867287.
3, 383, 106721
List the prime factors of 475944000.
2, 3, 5, 7, 2833
What are the prime factors of 6039374253?
3, 11, 17, 787, 13679
What are the prime factors of 11635790?
2, 5, 19, 47, 1303
What are the prime factors of 2801167698?
2, 3, 7, 66694469
What are the prime factors of 386681302?
2, 7, 29, 37, 25741
What are the prime factors of 559736093?
7, 31, 79, 103, 317
List the prime factors of 138215475.
3, 5, 614291
What are the prime factors of 167988648?
2, 3, 29, 241363
List the prime factors of 11307657.
3, 67, 101, 557
What are the prime factors of 888400083?
3, 296133361
List the prime factors of 46619370.
2, 3, 5, 7, 73999
List the prime factors of 661373113.
37, 2399, 7451
What are the prime factors of 33468782?
2, 389, 43019
What are the prime factors of 122720820?
2, 3, 5, 2045347
List the prime factors of 162215061.
3, 54071687
What are the prime factors of 530474254?
2, 23, 37, 311677
What are the prime factors of 408761785?
5, 461, 177337
List the prime factors of 3437768008.
2, 429721001
List the prime factors of 62986932.
2, 3, 151, 11587
What are the prime factors of 568751035?
5, 19, 113, 52981
List the prime factors of 120207452.
2, 19, 457, 3461
List the prime factors of 85028686.
2, 19, 83, 26959
List the prime factors of 20886436.
2, 31, 179, 941
List the prime factors of 29501395.
5, 7, 11, 19, 37, 109
What are the prime factors of 93323476?
2, 1459, 15991
What are the prime factors of 1378838611?
29, 179, 265621
What are the prime factors of 274158850?
2, 5, 7, 23, 34057
List the prime factors of 313201817.
2749, 113933
What are the prime factors of 4412694667?
2917, 1512751
What are the prime factors of 142660146?
2, 3, 23776691
What are the prime factors of 4339574820?
2, 3, 5, 7, 3444107
List the prime factors of 16585307.
16585307
What are the prime factors of 124875655?
5, 43, 103, 5639
What are the prime factors of 1274598456?
2, 3, 53108269
List the prime factors of 161157339.
3, 7, 439, 5827
What are the prime factors of 562521479?
13, 5527, 7829
List the prime factors of 103653935.
5, 7, 11, 269231
List the prime factors of 66504343.
66504343
List the prime factors of 1705251875.
5, 31, 283, 311
List the prime factors of 14644422.
2, 3, 13, 23, 907
What are the prime factors of 1797711026?
2, 163, 5514451
What are the prime factors of 268939843?
268939843
What are the prime factors of 2117811580?
2, 5, 105890579
List the prime factors of 1335270377.
7, 167, 1142233
List the prime factors of 41374601.
139, 297659
What are the prime factors of 334190285?
5, 11, 13, 467399
What are the prime factors of 63593834?
2, 31, 1025707
What are the prime factors of 182343341?
9157, 19913
List the prime factors of 135897709.
19, 59, 121229
What are the prime factors of 77608585?
5, 15521717
List the prime factors of 27263101.
27263101
List the prime factors of 34493444.
2, 1427, 6043
List the prime factors of 19147930.
2, 5, 67, 28579
What are the prime factors of 380479785?
3, 5, 7, 919, 3943
What are the prime factors of 230126480?
2, 5, 19, 101, 1499
List the prime factors of 259931077.
7, 19, 1954369
What are the prime factors of 855620243?
31, 109, 313, 809
What are the prime factors of 21782653?
21782653
What are the prime factors of 137762266?
2, 109, 631937
What are the prime factors of 217402269?
3, 7, 37, 39971
List the prime factors of 122193544.
2, 11, 126233
What are the prime factors of 1349104163?
11, 8819, 13907
What are the prime factors of 4790296724?
2, 911, 1314571
List the prime factors of 2630315267.
2630315267
List the prime factors of 84565221.
3, 13, 2168339
What are the prime factors of 70856385?
3, 5, 4723759
List the prime factors of 87115609.
7, 139, 89533
List the prime factors of 180505904.
2, 1063, 10613
What are the prime factors of 734311269?
3, 1747, 46703
List the prime factors of 4735583002.
2, 17, 31, 103, 181, 241
What are the prime factors of 46977130?
2, 5, 1973, 2381
List the prime factors of 1482528496.
2, 92658031
What are the prime factors of 95283956?
2, 31, 768419
What are the prime factors of 151352007?
3, 50450669
What are the prime factors of 875545290?
2, 3, 5, 9728281
List the prime factors of 793416544.
2, 97, 443, 577
What are the prime factors of 2117653619?
839, 1559, 1619
List the prime factors of 827106511.
7, 11, 976513
List the prime factors of 1506931439.
13, 19, 761, 8017
What are the prime factors of 50325055?
5, 11, 97, 9433
List the prime factors of 92640072.
2, 3, 7, 17, 163, 199
List the prime factors of 101297846.
2, 13, 131, 29741
What are the prime factors of 45311779?
45311779
List the prime factors of 1841025669.
3, 7, 71, 1234759
List the prime factors of 125417025.
3, 5, 29, 43, 149
What are the prime factors of 230531402?
2, 115265701
What are the prime factors of 1032095314?
2, 19, 757, 35879
What are the prime factors of 5152104649?
29, 41, 373, 11617
List the prime factors of 71660690.
2, 5, 97, 73877
What are the prime factors of 28027302?
2, 3, 797, 5861
List the prime factors of 532487593.
11, 48407963
What are the prime factors of 49127667?
3, 16375889
List the prime factors of 211160744.
2, 26395093
What are the prime factors of 100811667?
3, 11, 3054899
What are the prime 